tors of b(-17)?
11831
What are the prime factors of 3*279144/144*2/3?
3877
Suppose -6 = -5*w - w. Let b be (-535)/3 + (-4)/6 + w. Let y = 265 + b. List the prime factors of y.
3, 29
Let h = 391 + -391. Suppose h = -g - l - l + 338, 3*g - 969 = 3*l. What are the prime factors of g?
2, 41
What are the prime factors of 12*(4 + 20176/24) + 1?
3, 31, 109
Let a(h) = 2*h**2 + 21*h + 44. Let v be a(-8). Suppose -4*o - 6826 = -9*o - j, -3*j + 5463 = v*o. List the prime factors of o.
3, 5, 7, 13
Suppose 0 = -15*b + 30 + 210. Suppose b*t - 18*t + 834 = 0. What are the prime factors of t?
3, 139
Let o(f) = -f**2 - 4*f. Let g be o(-2). Suppose -p - 28 = 4*b, 5*p - g*b + 17 + 3 = 0. Let x(v) = -v**3 - 8*v**2 - 9*v - 15. List the prime factors of x(p).
3, 19
Let g(h) = h**3 + 32*h**2 + 17*h + 56. Let w be g(-26). What are the prime factors of 7/(-49) - w/(-14)?
2, 131
Suppose 7860*l - 7844*l = 38480. List the prime factors of l.
5, 13, 37
Let q(b) = 57 + 15*b - 5 - 9*b. Let x be q(-8). Suppose -2*j + 419 = 3*r - x*r, 2*j + 3*r - 415 = 0. What are the prime factors of j?
11, 19
Let d = 33007 + -12051. List the prime factors of d.
2, 13, 31
Let w = 6183 + 13201. List the prime factors of w.
2, 2423
Suppose 3*t - 4*t + 444 = 0. Suppose 4*b - t = 3*b. Suppose -3*h + b = -0*h. List the prime factors of h.
2, 37
Suppose 107*n - 18233 - 1134 = 0. What are the prime factors of n?
181
Let n = 124 - 93. Suppose -150 = 29*y - n*y. What are the prime factors of y?
3, 5
Let f = 7 + -5. Let o be 0 + 0 - f/(6/(-2163)). Suppose 0 = -4*b + 11*b - o. What are the prime factors of b?
103
Suppose -5*w + 58813 = 4*f, -294*w + 5 = -289*w. List the prime factors of f.
2, 7351
Let k(w) = -w + 5. Let v be k(-3). Let f = 26 + v. Let o = f - -202. List the prime factors of o.
2, 59
Suppose -5*w = i - 154, w - i - 2*i = 34. Suppose -23925 = -w*z + 2*z. List the prime factors of z.
3, 5, 11
Suppose 16*t + 49*t - 4309273 = -872073. List the prime factors of t.
2, 5, 661
Let b(k) = k**3 + k**2 + k - 1. Let s(d) = -d**3 + 2*d**2 - d. Let x(r) = -2*b(r) + s(r). Let j be x(2). List the prime factors of 14*((-120)/j + -4).
2
Let j = -78 - -85. Let o(r) = 10*r - 58. What are the prime factors of o(j)?
2, 3
Let m(g) = -22*g + 314. Let j be m(14). What are the prime factors of ((j*-334)/2)/(-225 - -223)?
3, 167
Let v be (-76)/266 - (-1)/((-7)/(-2879)). Let d = 5 + v. What are the prime factors of d?
2, 13
Let o be -3*(-16)/12 + -1754. Let a be o/(-18) + (-16)/72. Let n = 155 - a. What are the prime factors of n?
2, 29
Let l(s) = -26*s**3 + 3*s**2 + 7*s + 11. Let x be l(-4). Suppose -12 = -18*h + 14*h, 2*c - 3*h = x. What are the prime factors of c?
2, 3, 71
Let n(b) = -b + 2. Let s be n(0). Suppose 5*g = 5*p - 820, -7*p + 3*g + 810 = -s*p. Suppose p = 3*z - i, 0*z + i - 205 = -4*z. List the prime factors of z.
2, 13
What are the prime factors of 2*(-832)/4*(94/(-4) - -2)?
2, 13, 43
Suppose -31*t - 456160 = 24*t - 1568810. What are the prime factors of t?
2, 5, 7, 17
Let w = -140 - -39. Let j = -174 + 65. Let k = w - j. List the prime factors of k.
2
Let m(l) = -598*l - 3. Let n be m(-5). Suppose -8*j + n = 171. Suppose -384 = -4*d + 2*b, 62 = -3*d + 2*b + j. What are the prime factors of d?
2, 47
Suppose -2*a - 8 = 3*t - 4*a, -5*a = -t - 20. Let b(f) = 20*f + 44. Let d(r) = 4*r + 9. Let n(q) = -2*b(q) + 11*d(q). List the prime factors of n(t).
11
Let s(n) = 10*n - 46*n - 3 - 8*n. Suppose -83 + 54 = 29*d. What are the prime factors of s(d)?
41
Suppose -37 = 4*n + j, 0*j = 5*n + 3*j + 55. Suppose 9*k = k - 32. List the prime factors of 29 + -2*k/n.
2, 7
Let f(m) = 114*m**2 - 90*m + 508. List the prime factors of f(6).
2, 509
Suppose -4*b = n - 5934, -17035 = -5*n - b + 12654. What are the prime factors of n?
2, 2969
Let n = -7080 - -13782. List the prime factors of n.
2, 3, 1117
Let w be (5 - (-2 - -5))/((-3)/(-6)). Suppose 8*i - 5*v - 398 = 6*i, -w*i = -v - 814. Suppose p + 49 = i. List the prime factors of p.
5, 31
Let p(x) = 5*x**2 - 4*x + 47. Let z be p(-17). Suppose -174 = -6*j + z. List the prime factors of j.
17
Suppose -2*u = 9*u - 440. What are the prime factors of 4/(u/(-15))*-104?
2, 3, 13
Let v(m) = -2*m**3 + 31*m**2 - 19*m + 35. Let l be v(15). Let k(s) = -s**2 - 30*s - 40. What are the prime factors of k(l)?
5, 17
Let j(v) = -v**2 - 13*v - 19. Let b be j(-10). Let t(l) = 8*l - b - 10*l - 7*l. What are the prime factors of t(-7)?
2, 13
Let q = 76 + -85. Let w be (-12)/54 + (-173)/q. List the prime factors of (-2)/w + (-17205)/(-95).
181
Let i = -53 + 58. Let u be i/(-4) - 528/(-64). Let r(n) = -n**3 + 12*n**2 - 16*n - 2. List the prime factors of r(u).
131
Let t = -4911 - -9927. Suppose t = 832*n - 826*n. List the prime factors of n.
2, 11, 19
Suppose 138*z - 4074398 = -119*z - 479482. What are the prime factors of z?
2, 13, 269
Let t(s) = -10*s + 61. Let r be t(-10). Let q = -42 + r. List the prime factors of q.
7, 17
Let l = 80070 - 52240. What are the prime factors of l?
2, 5, 11, 23
Suppose 2*i - 35480 = -r, 0 = -207*r + 212*r - 4*i - 177428. What are the prime factors of r?
2, 3, 2957
Let f = 12909 + -6191. List the prime factors of f.
2, 3359
Let c(v) = 715*v**2 - 10*v + 74. Let j be c(11). List the prime factors of (4/(-18))/1 - j/(-153).
5, 113
Let t be ((-66)/(-10))/((-18)/(-60)). Let h(n) = -3*n**3 + 67*n**2 - 15*n + 20. List the prime factors of h(t).
2, 3, 29
Let h(p) = -p**2 - 6*p. Let m be h(-5). Suppose -2*o + 352 = -m*r, -2*o - 5*r + 3*r = -366. What are the prime factors of o?
181
What are the prime factors of (1 - 57/27) + (-1779272)/(-396)?
2, 1123
Suppose 4248 = 10*i - 20402. What are the prime factors of i?
5, 17, 29
Suppose -3*k + 5 = -j, -10*j - 4*k + 10 = -8*j. Let t(h) = 334*h + 5. List the prime factors of t(j).
3, 113
Let g(d) = -2*d + 28. Let m(t) = t - 27. Let n be 10 - 6 - (6 + 1). Let o(q) = n*m(q) - 4*g(q). List the prime factors of o(14).
3, 13
Let o = -571 + 569. List the prime factors of (-3405)/(-10 - -5) + o + -1.
2, 3, 113
Let s be -2 + 40/3 - (-2)/(-6). Suppose -s*p = -6813 + 2182. Let z = -266 + p. What are the prime factors of z?
5, 31
Suppose 14 = 18*l - 17*l + 3*n, 4*n + 8 = 4*l. Suppose -l*r + f + 2241 = 0, 2*f - 482 - 412 = -2*r. List the prime factors of r.
2, 7
Let r = 206 + -202. Suppose 2*n + 4*v - 748 = 0, -r*n = -8*n - 4*v + 1512. What are the prime factors of n?
2, 191
Suppose 6 = 38*y - 35*y. What are the prime factors of (-11608)/(-15) + y/15?
2, 3, 43
Suppose 4*t + 54151 = 5*k - 247087, 3*t = -3*k + 180705. What are the prime factors of k?
2, 7, 13, 331
Let w(m) = 212*m + 524. What are the prime factors of w(5)?
2, 3, 11
What are the prime factors of ((-2)/20)/(4/(-128))*1064610/108?
2, 3943
Let i(j) = 2*j**3 - 15*j**2 + 2*j - 5. Let l be i(7). Let m = 351 + l. List the prime factors of m.
311
Let u = -92 - -64. Let x = u + 227. What are the prime factors of x?
199
Let j = 598 + 156. Let w = 1158 - j. List the prime factors of w.
2, 101
Suppose -5*x - 5*y = 260, 6*x - 10*x - 199 = y. List the prime factors of (-6 - (11 + -2))*x.
3, 5, 7
Let y = 323 + -315. Suppose h = 4*c - 9*c + 1413, 0 = 4*h + y. What are the prime factors of c?
283
Let x(z) = 12*z + 88. Let t(c) = c + 2. Let g(v) = 5*t(v) + x(v). List the prime factors of g(14).
2, 3, 7
Let p = 1702 + -784. List the prime factors of p.
2, 3, 17
Suppose -x = 3*u + 389, 6*x - x + 5*u + 1895 = 0. Let k = 713 + x. What are the prime factors of k?
3, 113
Let s = -16 + -219. Let c = s + 579. List the prime factors of c.
2, 43
Suppose -23*o = 3 - 49. Suppose -5*i = -o*a - 242, 3*i = 4*a - 53 + 187. What are the prime factors of i?
2, 5
Suppose -c + 171 = 3*g, -g = 5*c - 2*g - 775. Suppose -c*y = -173*y + 30345. What are the prime factors of y?
3, 5, 7, 17
Suppose -36*n = -24029 - 17533 - 141966. List the prime factors of n.
2, 2549
Suppose -2*k + 4860 = -2*b, 2*k - 3*b - 4872 = -4*b. List the prime factors of k.
2, 1217
Let b(z) = z**2 + 4*z + 22. Let a be b(13). Let p = a - 85. Let x = -111 + p. What are the prime factors of x?
47
Let h(f) = 35*f**2 + 31*f - 84. Let g be h(3). Suppose g = 21*b - 2364. What are the prime factors of b?
2
List the prime factors of (4/6)/((-32)/(-12) - 3)*-4277.
2, 7, 13, 47
Suppose 0 = -16*d + 11*d + 125. Let y = 36 - d. Suppose -y*u + 14*u = 294. 